?
6
Suppose 33 = c - 5*b, -c - 2*b = 7 - 19. What is the remainder when 71 is divided by c?
17
Suppose -5*w + 34 = -2*k, -5*k = -3*w - 3 + 31. What is the remainder when 23 is divided by w?
5
Suppose 0 = 3*x - 6*x - 36. Calculate the remainder when (-2)/(-4) + (-378)/x is divided by 17.
15
Let y(g) = 19*g - 2. What is the remainder when y(1) is divided by 9?
8
Let a = 8 - 4. Suppose 0*d = -d + 13. What is the remainder when 2*(-1)/a*-50 is divided by d?
12
Let p(d) = d**2 - 6*d - 8. What is the remainder when p(-4) is divided by 11?
10
Let c(s) = -s**3 + 5*s**2 - s + 6. Calculate the remainder when 2 is divided by c(5).
0
Let v(i) = 2*i**2 - 2. What is the remainder when 61 is divided by v(3)?
13
Suppose -2*k + 18 = -s - 3*s, k + 5*s - 44 = 0. Suppose -6 = 4*b - 26. What is the remainder when k is divided by b?
4
Let l = 10 - 8. What is the remainder when l is divided by -1*(-2 + 1)*1?
0
Let j(i) = 5*i + 2. Let s be j(8). Calculate the remainder when (36/(-7))/((-12)/s) is divided by 4.
2
Let q(a) = a**3 - a + 2. Suppose -3*v = 2*r - 2 + 8, -4*r = -2*v - 4. Calculate the remainder when q(r) is divided by 2.
0
Suppose 3*r - 20 = -f, 2*f + 4*r - 19 = 11. Suppose f = p - 10. Suppose -2*i = -6*i + 32. Calculate the remainder when p is divided by i.
7
Let u(v) = -3*v - 10. Calculate the remainder when 67 is divided by u(-9).
16
Suppose -4*y - 62 = -2*m, 3*y - y + 112 = 4*m. Calculate the remainder when 50 is divided by m.
23
Suppose -5*t = -l + 56, -5*l + 2*l + 3*t + 132 = 0. Calculate the remainder when l is divided by 15.
11
Suppose -j + 4*j - 120 = 0. Let t = -29 + j. Calculate the remainder when 30 is divided by t.
8
Suppose -2*z - 4*b = -2*b - 82, -3*b + 85 = 2*z. Calculate the remainder when z is divided by 8.
6
Let d = 30 + -18. Let n = -3 + 1. Let k(q) = -5*q - 3. Calculate the remainder when d is divided by k(n).
5
Let y = 20 + 30. Suppose -3*d - 12 = d. Let i(x) = -x**3 + 2*x - 4. What is the remainder when y is divided by i(d)?
16
Let t be 1*0/(3/(-1)). Suppose 0 = v - t*o - 2*o + 22, -v = -3*o + 18. Calculate the remainder when 27 is divided by (16/(-12))/(4/v).
7
Let y = -3 - -5. Suppose -5*r + 11 = 1, -y*s + 26 = -3*r. Suppose -i - 3*u + 3 = -4*u, -5*u = 3*i - 33. What is the remainder when s is divided by i?
4
Suppose -2*y + 6*y = 136. What is the remainder when y is divided by 9?
7
Suppose 0 = -5*b + 33 + 17. Let x be (-2)/b - 458/10. Let d = x + 89. Calculate the remainder when d is divided by 15.
13
Calculate the remainder when (-5)/(50/4)*-50 is divided by 7.
6
Suppose -4*g - 3 = -7*g. Let f = 23 + g. What is the remainder when f is divided by 13?
11
Calculate the remainder when 4 + (-5)/2 - 138/(-4) is divided by 13.
10
Suppose -4*q + 21 = -3*q - 4*k, 0 = 3*q - 2*k - 43. Calculate the remainder when q is divided by (6/(-4) - 180/(-24)) + 2.
5
Let j(k) = k**3 + 6*k**2 + 2*k - 3. Let q be j(-3). Let c = -3 + q. Calculate the remainder when (-140)/(-6) + 10/c is divided by 9.
6
Let q = -10 - -21. Suppose 4*v + 11 + 13 = 0. Let c = q + v. Calculate the remainder when c is divided by 2.
1
Suppose -2*g + 39 = -0*z - 3*z, -z - 55 = -3*g. Calculate the remainder when 71 is divided by 652/g + (-4)/18.
35
Let y(x) = -x - 1. Let i be y(-3). Suppose i*u - 3*z = z + 22, 3*u - 5*z - 29 = 0. Calculate the remainder when u is divided by 3.
0
Suppose 44 = 5*b - 26. Calculate the remainder when 82 is divided by b.
12
Suppose -q + 5*p + 6 = 0, 0 = -0*q + q - 4*p - 1. Let k = q + 27. What is the remainder when 0/(-1) + 13 - -2 is divided by k?
7
Let s(x) = 7*x**2 - 8*x - 7. Let k(c) = -8*c**2 + 8*c + 7. Let t(m) = -6*k(m) - 7*s(m). What is the remainder when t(7) is divided by -1 + 1 + (-30)/((-18)/3)?
4
What is the remainder when 94 is divided by 36/(-7)*28/(-6)?
22
Suppose 0 = -5*f - 6 - 49. Let i = 8 + f. Let h(u) = -u**3 - 3*u**2 - 2*u + 2. What is the remainder when h(i) is divided by 5?
3
Let v(x) = 7*x**2 + 3. Calculate the remainder when 123 is divided by v(2).
30
Let o be 4 + 1*(2 - 4). Suppose -2*p + 48 = o. Calculate the remainder when p is divided by 12.
11
Let x be -2 - (-3 - 0)*-1. Let p(i) = 3 + 4 - 2*i - 5. What is the remainder when 34 is divided by p(x)?
10
Calculate the remainder when 47 is divided by -1*-1*(5 + 2).
5
Suppose 2*d = 4*d - 96. What is the remainder when d is divided by 10?
8
Let x = 7 + -5. Suppose -b - x*b = -27. What is the remainder when 33 is divided by b?
6
Let v = 12 - 3. What is the remainder when 34 is divided by v?
7
Suppose 5*t = t + 28. Suppose -3*w = w. Suppose d + 3*d - 76 = w. Calculate the remainder when d is divided by t.
5
Let i(p) = p**3 - 9*p**2 + 4. Let y be i(9). Suppose 6 = -y*c + 50. What is the remainder when 30 is divided by c?
8
Let y(l) be the second derivative of 7*l**3/6 + 2*l**2 - 6*l. What is the remainder when 67 is divided by y(2)?
13
Let q = -4 - -14. Let b = 41 + -10. Suppose 2*o - o + 4*k = b, -5*k = -o + 4. What is the remainder when o is divided by q?
9
Suppose -2*n + 30 = -0*n + 4*s, 0 = 5*n + 2*s - 43. Let l = 12 - n. Calculate the remainder when 13 is divided by l.
3
Let g = 2 + -3. Let v be 0/((-4)/(g - 1)). Calculate the remainder when 13 + (v - 6)/(-3) is divided by 8.
7
Suppose -4*b + 35 = 11. What is the remainder when ((-264)/32)/(9/(-24)) is divided by b?
4
Let v = 66 - 40. What is the remainder when v is divided by 14?
12
Let l = 24 + -13. Let j(k) = -k**2 - 12*k + 10. Calculate the remainder when j(-8) is divided by l.
9
Let j = -43 + 67. Suppose -2*c - 5*h + 18 = 0, 3*h = -4*c - 2*h + 36. What is the remainder when j is divided by c?
6
Suppose h - 24 - 35 = 0. What is the remainder when h is divided by 15?
14
Suppose -s = 6*c - c - 93, 2*s = -5*c + 91. Let j = -16 + c. Calculate the remainder when 8 is divided by j.
2
Let o = 6 + -5. Let r be -2 - (0 - o - 0). What is the remainder when 10 is divided by 8 + r + 3/(-3)?
4
Suppose -11 = -2*a + 15. Suppose 5*y = -a + 113. What is the remainder when y is divided by 7?
6
Suppose -3*p - 18 = 3*q - 5*q, -4*p - 1 = 5*q. Calculate the remainder when 39 is divided by -2 - (q + -2 - 17).
11
Suppose 4*h - 2*j = -162, 93 + 126 = -5*h - 3*j. Let u = 0 - 24. Let a = u - h. Calculate the remainder when 52 is divided by a.
16
Suppose 988 = 5*o + 2*n - 154, 2 = 2*n. Calculate the remainder when o is divided by 46.
44
Let b = 34 - 21. Calculate the remainder when 36 is divided by b.
10
Let l(z) = z + 14. Let v = -18 - -11. Let w be l(v). Suppose -5*x + o + 0 = -w, 0 = 3*x + 2*o - 12. Calculate the remainder when 3 is divided by x.
1
Suppose -u + 4*u + 3*v - 984 = 0, -4*u - 5*v = -1308. Let k = -136 + u. Calculate the remainder when 11 is divided by k/35 - 4/(-10).
5
Suppose 5*n - 11*c + 9*c - 641 = 0, 3*c + 644 = 5*n. Calculate the remainder when n is divided by 16.
15
Suppose -5*f + 30 = -0*h + 3*h, 29 = f - 4*h. Let k = f + 5. What is the remainder when k is divided by 4?
2
Suppose 2*h = 3*h - 5. Suppose 3*c - 14 = h*x, x = -4*c - 5 - 7. Let o = x + 8. What is the remainder when 11 is divided by o?
3
Suppose -2*v - 284 = -480. What is the remainder when v is divided by 10?
8
Let m(l) = l**2 - 6*l. Let i be (-4)/(-14) + 38/14. Calculate the remainder when (i + -1)*(-26)/(-4) is divided by m(7).
6
Let y be -3 - 3*(4 - 3). Let p = 8 + y. Calculate the remainder when 23/5 + (-4)/(-10) is divided by p.
1
Let r(w) = -2*w + 15. Let b be r(10). Let t = b + 54. Calculate the remainder when t is divided by 13.
10
Suppose 30 = 5*k - 4*o - 35, -k + 22 = o. Suppose 10 = 5*y, -2*x + 5*y = -150 + 54. Let t = 103 - x. Calculate the remainder when t is divided by k.
16
Suppose -3*r = 3, -5*z = -4*r + 6*r - 8. Suppose -z*x = 2*x - 16. Calculate the remainder when 5 is divided by x.
1
Let s = 13 + -9. Suppose -4*k - k = -s*o + 27, k = o - 8. What is the remainder when 36 is divided by o?
10
Suppose -5*x - 112 = -2*h, 0 = -5*h - x + 80 + 146. What is the remainder when h is divided by 24?
22
Let o(y) = -y + 6 + y - y. Let b be o(4). What is the remainder when 16 is divided by (b + -1)*(-27)/(-3)?
7
Let k(s) = -s**3 - 6*s**2 - 3*s + 4. Let u be k(-4). Let x be u/20*(-1 + -4). Let d = 6 - x. Calculate the remainder when 4 is divided by d.
0
Suppose -i - 3*l + l + 11 = 0, 2*l - 49 = -3*i. Let c = 34 - i. Suppose 0 = -3*h + c, -h - h - 14 = -4*d. Cal